g = 21*g + 55160. What is the thousands digit of g?
1
Suppose -2*n + 4*l = 12, 2*n = -4*l + 5*l + 3. Suppose 4*m - 4 = 0, -n*s = -s - 4*m - 173. What is the units digit of s?
9
Let s(l) be the first derivative of 191*l**3/3 - l**2/2 + l - 37. What is the tens digit of s(1)?
9
Suppose -3*g = 107*g - 380600. What is the thousands digit of g?
3
Let g = 1641 + -726. What is the hundreds digit of g?
9
Let d = -21 - -23. Let s(n) = 2*n - 2. Let r be s(d). Suppose -3*y = -r*u - 2*u - 101, 0 = 2*y + u - 60. What is the tens digit of y?
3
Let i(l) = 84*l**2 - 13*l + 15. Let t(h) = -56*h**2 + 9*h - 10. Let v(c) = -5*i(c) - 8*t(c). What is the hundreds digit of v(2)?
1
Let k(q) = 2*q**2 + 3*q - 4. Let n be k(-3). Suppose 2 = 5*p + 2*i - 0*i, -4*p = -5*i + 5. What is the units digit of (-4)/n*(p + -5)?
4
Suppose -168 - 10 = -2*f - z, -5*f + 447 = 2*z. What is the tens digit of f?
9
Suppose -3*z + i + 10 = 2*i, 2 = -z + 5*i. Suppose -2*j = z*g - 269, -j - 5*g - 527 = -5*j. What is the units digit of j?
3
What is the tens digit of (-13)/((-130)/9150) - -6?
2
Let m(f) = 2*f**2 + 46*f + 163. What is the units digit of m(-25)?
3
Suppose 0 = -3*z + 5*f - 6*f + 3004, 2*f - 5007 = -5*z. What is the tens digit of z?
0
What is the thousands digit of -7*61*(-2448)/476?
2
Let p = -1206 + 2118. What is the hundreds digit of p?
9
Suppose 3*i - 151 = -5*k - 0*k, -5*i = -5*k + 175. Suppose -174 = k*x - 35*x. What is the tens digit of x?
5
Suppose 0 = 5*m + 3*f - 691, m + 3*f = 2*m - 149. Suppose -n + m = n. What is the units digit of n?
0
Let k(p) = 14*p + 8. Let s be k(-4). Let c = 57 - s. What is the tens digit of c?
0
Let p = 944 + -547. What is the hundreds digit of p?
3
Let d = -1850 - -3109. What is the hundreds digit of d?
2
Suppose 2*v + 5*u = 4427, 11*v + u = 10*v + 2209. What is the tens digit of v?
0
Suppose 3*h - 5*z + 9 = -8, -11 = -3*h - 2*z. Let a(x) = 62*x**3 - x + 1. What is the units digit of a(h)?
2
Suppose 0 = -3*j - 0*k + 5*k + 2, 4 = 2*j - 2*k. Suppose -j*s + 16 = -4*q, -3*q - 8 = q. Suppose -3*l = s*l - 65. What is the units digit of l?
3
Let g(s) be the third derivative of s**4/24 + 13*s**3/6 - 8*s**2. What is the tens digit of g(8)?
2
Suppose -1190*s = -1198*s + 15696. What is the tens digit of s?
6
Suppose 0 = -2*w + i + 1183, 5*w + 5*i - 2954 = 4*i. What is the hundreds digit of w?
5
Suppose -261 = -5*j + 274. Let n = j + -50. What is the tens digit of n?
5
Suppose -t + 25 = 4*t. Suppose -t*u + 306 = 56. What is the units digit of u?
0
Let l be -6*(3 + -1*4). Let z be (12/8)/(l/92). Suppose m - 3 = -0, -p + z = -3*m. What is the tens digit of p?
3
Suppose 3*j = 5*n + 7*j + 10, -5*n = 5*j + 15. Suppose -n*w - 71 = -257. What is the units digit of w?
3
Let q(w) = -2*w**3 + w**2 + 3*w - 1. Let h(r) = -2*r**3 + 3*r - 1. Let f(t) = 7*h(t) - 6*q(t). What is the tens digit of f(-5)?
8
Let v(h) = -2*h**3 + 25*h**2 + 29*h - 2. What is the units digit of v(12)?
0
What is the hundreds digit of ((-1)/(-4) - 126/(-24))*36?
1
Let i be ((-14)/(-42))/(2*(-2)/(-36)). Suppose 3*h + i*u - 23 - 13 = 0, 0 = -3*h + u + 32. What is the tens digit of h?
1
Suppose 0 = -11*l - l + 7992. What is the tens digit of l?
6
Let l(u) = -4*u - 11. Let d(g) = g**3 - 2*g**2 - g - 53. Let s be d(0). Let f = 37 + s. What is the tens digit of l(f)?
5
Suppose -4380 = 5*t - 9*t. Suppose 13*h = 8*h + t. What is the units digit of h?
9
Let o(k) = -k**3 - 3*k**2 - 21*k + 17. What is the tens digit of o(-9)?
9
Let x(q) = -q**2 + 13*q - 4. Suppose -t = -4 + 2, 3*v = -2*t + 10. Suppose 35 = 5*g + 3*s, 0*g + 2*s - 10 = -v*g. What is the tens digit of x(g)?
2
Let k(w) = -w**2 - 13*w - 29. Let q be k(-7). Suppose 74 = q*z - 43. What is the units digit of z?
9
Suppose 0 = -9*h + 1724 + 364. Suppose -h = -2*x - 48. What is the units digit of x?
2
Let k = 58 + 27. What is the tens digit of k?
8
Let v(p) = 5*p**2 + 276*p - 61. What is the hundreds digit of v(-56)?
1
Let g(w) = w**3 + 11*w**2 - 4*w - 4. Let l be g(-11). Suppose 0 = -2*h + 7*h - l. Suppose -2*n - h = -4*n. What is the units digit of n?
4
Let l(n) = 673*n - 83. What is the hundreds digit of l(2)?
2
Let n(a) = a - 16. Let m be n(7). Let z be (46 - 1)*m/(-15). What is the units digit of (-238)/(-18) + (-6)/z?
3
Let f = 21 + -23. Let a be (-9)/((-36)/80) - f. Suppose 8 = -a*j + 26*j. What is the units digit of j?
2
Let f = -5 + 9. Let u(l) = -26*l + 4. Let w(v) = 5*v - 1. Let x(a) = 4*u(a) + 22*w(a). What is the tens digit of x(f)?
1
Let x be 25 - 0*(-4)/(-8). Suppose -27*y = -x*y - 180. What is the tens digit of y?
9
Let s(d) = -d**3 - 10*d**2. Let l be s(-10). Suppose 55 = g - 2*n, 5*n - 146 = -l*g - 2*g. Suppose -2*k + g = k. What is the tens digit of k?
2
Suppose -9 - 23 = -u. Suppose 4*r = -5*o + 227, 0 = 7*o - 3*o - 12. Let t = r - u. What is the units digit of t?
1
Suppose -13 = -5*y + 5*w + 17, -2*y - 5*w = 2. Let h be ((-10)/y)/((-1)/2). Suppose -h*r - 14 = -124. What is the units digit of r?
2
Let q = 909 + -135. What is the units digit of q?
4
Let c = 168 + 732. What is the units digit of c?
0
Let v be 0/(-7 + 2 + 1 - -2). Suppose h - 164 = -i, -3*h + i + 512 = -v*h. What is the units digit of h?
9
Let p be (213/(-4))/((-6)/24*-1). What is the units digit of (-3)/(1 + 222/p)?
1
Let w(t) = t**3 + 11*t**2 - 7*t + 9. Let m be w(-11). Suppose -10*q + m = -8*q. What is the tens digit of q?
4
Suppose -4*n + 15 = -89. Let o = n - 4. Suppose x = -x + o. What is the tens digit of x?
1
Suppose -5*d - 4*q + 86 = -12, -74 = -4*d - q. Let y = 127 - d. What is the hundreds digit of y?
1
Let r be ((-3)/6)/(2/(-4)). Suppose 2*k + r = k. What is the tens digit of (3 - -25) + -2 - k?
2
Let r = 109 + -57. What is the tens digit of r?
5
Suppose l - 3*t - 352 = 344, -l - 4*t = -724. Suppose l - 243 = 5*p. What is the tens digit of p?
9
Let f(a) = -38*a - 12. Let i be f(3). Let h = i - -248. What is the tens digit of h?
2
Suppose -3*i - 3*d - 18 = -4635, -i = -5*d - 1569. What is the hundreds digit of i?
5
Let d be 0 - 18 - (-4 + 3). Let y = 3 - 2. Let z = y - d. What is the units digit of z?
8
Suppose 5*t + 21 = f, 3*f - 105 = t - 0*t. Let b be (-6)/(-27) + (-152)/f. Let a = b - -14. What is the tens digit of a?
1
Suppose -3*j = 2*u - 1134, 4*j = -3*u + 5*u + 1512. What is the hundreds digit of j?
3
Let j(g) = -350*g + 467. What is the tens digit of j(-6)?
6
What is the tens digit of 1112 - (1 + -2 - -4)?
0
Suppose -19*f + 27*f = 4832. What is the hundreds digit of f?
6
Let w(o) = -o**2 + 8*o - 8. Let m be w(6). Suppose -3*t - 4*y = 2*t - 124, -2*t + m*y = -44. What is the units digit of t?
4
Suppose 5*s = -25, -19 = -v - 0*s + 5*s. Let a(k) = -18*k - 19. What is the tens digit of a(v)?
8
Let j(i) = 193*i**2 - 12*i - 4. What is the units digit of j(-3)?
9
Suppose 8*z - 24 + 0 = 0. Let s(q) = 9*q**2 + q + 1. Let o(p) = -9*p**2 - p - 1. Let b(n) = z*o(n) + 4*s(n). What is the units digit of b(-1)?
9
Suppose 4*j = -3*f + 4*f + 341, -5*f = 4*j - 359. Let l = -20 + j. What is the units digit of l?
6
Suppose v + 5*j = 52, -v = -j - 86 + 4. What is the tens digit of v?
7
Let b = 14 + -21. Let j = 7 + b. Suppose j = -2*g + 5*q + 68, 2*g + 3*q - 60 = 6*q. What is the tens digit of g?
2
Let z = 140 - -277. What is the hundreds digit of z?
4
Suppose -3*v = 6, 3*v = 3*z - 0*v - 21. Suppose 2*n = z*n + 3*p - 3, 2*n - 14 = p. Suppose -5*w + 20 = -2*l, 5*w = -4*l + l - n. What is the units digit of w?
2
Suppose -2*f - 2*q + 1072 = 0, 0*q - 1616 = -3*f - 5*q. Suppose -18*b + 22*b - f = 0. What is the units digit of b?
3
Suppose v = -3*s + 576, -v + 3*s = -4*v + 1746. What is the tens digit of v?
8
Let c(a) = 1. Let q(k) = -18*k - 7. Let t(v) = -5*c(v) - q(v). What is the units digit of t(1)?
0
Let n(z) = -81*z**3 + 4*z**2 - 4*z - 3. Let q(f) = 81*f**3 - 3*f**2 + 4*f + 3. Let y(t) = -5*n(t) - 6*q(t). What is the tens digit of y(-1)?
8
What is the units digit of -3630*(-30)/24*(-10)/(-25)?
5
Suppose 0 = -3*v - 2*u + 2, 3*v - 4*u = 32. Suppose 0*o - 16 = -5*o - 4*w, -v*o + w - 4 = 0. Suppose o = 3*q - 61 + 16. What is the units digit of q?
5
Suppose 0*x - 25 = 2*j + 5*x, -5*x = -4*j + 25. Suppose 0 = -i + 2*w - 4*w - 38, -3*i - 5*w - 110 = j. Let l = 74 + i. What is the tens digit of l?
4
Suppose -7*u = -3*u + 3*n - 497, 5*u + 5*n - 615 = 0. What is the units d